 common factor of 1340 and 3037860?
20
What is the greatest common factor of 87561 and 697572?
81
What is the highest common divisor of 570 and 128672142?
114
Calculate the highest common factor of 6 and 1139199414.
6
Calculate the highest common factor of 304484 and 6846.
326
Calculate the greatest common divisor of 2608 and 4903984.
16
Calculate the highest common divisor of 523679920 and 2724.
908
What is the greatest common divisor of 25333 and 10552487?
517
What is the greatest common divisor of 39909 and 1063074?
159
Calculate the highest common divisor of 11178 and 1182114.
162
Calculate the highest common divisor of 363216 and 2201104.
752
What is the greatest common factor of 2160 and 4733100?
540
Calculate the greatest common factor of 7587695 and 721055.
1445
Calculate the greatest common divisor of 3 and 49782191.
1
What is the greatest common divisor of 3410 and 14150477?
341
What is the highest common factor of 76304741 and 171?
19
What is the greatest common divisor of 16087110 and 390?
390
Calculate the highest common divisor of 673711998 and 828.
138
What is the greatest common divisor of 232764031 and 43?
43
What is the greatest common factor of 10191150 and 100?
50
Calculate the greatest common factor of 966 and 3732946.
322
What is the highest common divisor of 1046 and 951610006?
1046
Calculate the highest common factor of 169092 and 1008.
252
What is the highest common divisor of 13914 and 15669?
9
Calculate the highest common factor of 22107 and 663998483.
7369
Calculate the highest common factor of 120512 and 93968.
112
What is the greatest common factor of 6226452 and 66348?
684
What is the greatest common factor of 146292 and 1114710?
438
What is the greatest common divisor of 445 and 45816310?
445
What is the highest common divisor of 399 and 4368898?
19
What is the highest common factor of 189692 and 314900?
188
What is the highest common factor of 230 and 3276166?
46
Calculate the greatest common factor of 491810675 and 955.
955
What is the greatest common divisor of 444985 and 820?
5
What is the greatest common divisor of 27280578 and 3812?
1906
What is the highest common divisor of 885928 and 14208?
296
What is the highest common factor of 1375199 and 51759?
71
What is the greatest common factor of 3921608 and 72?
8
Calculate the greatest common divisor of 14 and 346041920.
14
Calculate the greatest common divisor of 3749100 and 18.
6
Calculate the greatest common divisor of 2124830 and 17.
17
Calculate the highest common divisor of 8642 and 1523515.
29
Calculate the highest common divisor of 4596 and 26052426.
2298
What is the greatest common factor of 485712 and 126?
18
Calculate the highest common divisor of 4650 and 80164800.
150
Calculate the greatest common factor of 32936211 and 153.
9
Calculate the highest common factor of 26193045 and 525.
15
What is the greatest common divisor of 1284 and 1065168843?
321
What is the greatest common factor of 203 and 455703129?
203
Calculate the highest common factor of 3658512 and 880.
176
What is the greatest common factor of 42920 and 14001780?
580
Calculate the highest common factor of 10999 and 360060.
17
Calculate the greatest common factor of 2058 and 756546.
42
Calculate the highest common divisor of 7748 and 1171830764.
7748
What is the greatest common divisor of 13941910 and 230?
230
Calculate the highest common factor of 34152730 and 12330.
1370
What is the greatest common factor of 211772988 and 14?
14
Calculate the greatest common divisor of 12240 and 279040176.
2448
Calculate the highest common divisor of 7224558 and 2805.
561
Calculate the highest common factor of 171755909 and 13.
13
What is the highest common factor of 6183 and 140103?
27
Calculate the greatest common factor of 689701 and 1.
1
What is the highest common factor of 506087 and 826454?
4643
What is the greatest common divisor of 132 and 452375396?
44
What is the greatest common divisor of 4940 and 558420?
20
What is the highest common factor of 316757 and 2310247?
1223
Calculate the highest common factor of 108 and 4918509.
27
Calculate the greatest common divisor of 104536 and 35924584.
1432
What is the greatest common factor of 1873 and 5733253?
1873
What is the greatest common factor of 82577450 and 20?
10
What is the highest common divisor of 74503711 and 618?
103
What is the greatest common factor of 11 and 1083369045?
11
Calculate the greatest common factor of 89 and 62001.
1
Calculate the highest common divisor of 44263506 and 126.
42
Calculate the highest common factor of 17014 and 3024691.
181
Calculate the greatest common factor of 37328341 and 10445.
2089
Calculate the greatest common factor of 323743 and 245.
49
What is the greatest common factor of 1120008 and 55200?
552
Calculate the highest common divisor of 19899 and 5540766.
2211
Calculate the greatest common factor of 205020 and 42138.
18
What is the highest common divisor of 158447 and 60835?
23
What is the highest common factor of 15391697 and 362?
181
What is the highest common divisor of 345434229 and 8314?
4157
What is the greatest common divisor of 729189 and 1168533?
3051
Calculate the greatest common divisor of 8334 and 227028346.
926
What is the greatest common factor of 981 and 15429822?
327
What is the greatest common factor of 20712384 and 5808?
528
Calculate the highest common factor of 2508945 and 4335.
255
What is the greatest common factor of 3170 and 4546097?
317
What is the highest common factor of 333653 and 712473?
1457
Calculate the greatest common divisor of 2049380 and 40.
20
Calculate the greatest common factor of 30 and 7555930.
10
What is the greatest common factor of 951981421 and 4733?
4733
What is the greatest common divisor of 375 and 601995?
15
What is the highest common divisor of 4240592 and 848?
16
Calculate the highest common divisor of 927 and 8849.
1
What is the highest common divisor of 144283398 and 378?
42
Calculate the greatest common factor of 114416 and 976.
16
What is the greatest common factor of 47552667 and 109?
109
What is the highest common divisor of 8145 and 275811420?
2715
Calculate the highest common factor of 1161825 and 146925.
75
What is the greatest common factor of 33314204 and 23716?
3388
What is the greatest common factor of 550095 and 106113?
651
Calculate the greatest common factor of 85400 and 41227704.
3416
What is the greatest common factor of 2065 and 2032289?
7
Calculate the highest common divisor of 40 and 401958860.
20
What is the greatest common factor of 99 and 3795528?
33
What is the greatest common factor of 13812823 and 102?
17
What is the greatest common factor of 5517554 and 826?
14
What is the highest common factor of 23360597 and 2051?
293
What is the highest common factor of 10582496 and 336?
16
Calculate the highest common factor of 167270 and 41710.
430
Calculate the highest common divisor of 144234 and 198425919.
8013
Calculate the highest common factor of 8138988 and 2002.
286
What is the highest common factor of 26038304 and 224?
32
What is the highest common divisor of 9582826 and 33?
11
Calculate the highest common factor of 77981 and 1023.
1
What is the greatest common divisor of 12604360 and 45?
5
Calculate the highest common divisor of 626213 and 259.
7
Calculate the highest common divisor of 249424 and 737392.
272
What is the highest common factor of 3796712 and 2176?
136
Calculate the highest common divisor of 3180 and 7349480.
20
What is the highest common divisor of 35184 and 6370503?
2199
Calculate the highest common factor of 323371328 and 9093.
3031
Calculate the greatest common divisor of 7570548 and 80343.
1017
Calculate the highest common factor of 3488 and 67480592.
1744
Calculate the greatest common factor of 1092573 and 3978.
153
Calculate the highest common divisor of 176758395 and 295.
295
Calculate the highest common factor of 1843 and 957757339.
1843
What is the highest common divisor of 1027 and 980?
1
What is the highest common divisor of 1769 and 151139822?
1769
What is the greatest common divisor of 13448 and 8542760?
328
What is the highest common divisor of 853 and 239228115?
853
Calculate the highest common factor of 11382414 and 6.
6
What is the greatest common divisor of 32 and 157748208?
16
Calculate the 